{"id":6723,"date":"2018-10-30T09:54:50","date_gmt":"2018-10-30T08:54:50","guid":{"rendered":"http:\/\/www.lamparocasarural.com\/?page_id=6723"},"modified":"2018-10-30T10:27:57","modified_gmt":"2018-10-30T09:27:57","slug":"la-casa","status":"publish","type":"page","link":"https:\/\/www.lamparocasarural.com\/?page_id=6723","title":{"rendered":"La Casa"},"content":{"rendered":"<p>Casa rural L\u00b4Amparo es una casa rural de categor\u00eda superior de alquiler \u00edntegro situada en Navarrete del R\u00edo, Teruel.<br \/>\nSe trata de una vivienda original del siglo XIX que en su d\u00eda, alberg\u00f3 el bar, la cantina y la tienda de ultramarinos del pueblo.<br \/>\nHa sido totalmente reformada en el a\u00f1o 2016 y tiene una capacidad para 13 personas, con posibilidad de poner adem\u00e1s una cuna y 2 camas supletorias.<br \/>\nEl alojamiento es accesible para personas con discapacidad y est\u00e1 ubicado en un enclave c\u00e9ntrico de la provincia de Teruel.<br \/>\nSin duda, una excelente opci\u00f3n para aquellas personas que quieran pasar unos d\u00edas de paz, relax y tranquilidad.<\/p>\n<p><em>N\u00ba de licencia de la casa rural CRTE. 004\/2016<\/em><\/p>\n<h1>SERVICIOS<\/h1>\n<div class=\"su-list\" style=\"margin-left:0px\">\n<ul>\n<li><i class=\"sui sui-arrow-right\" style=\"color:#333\"><\/i> 6 habitaciones totalmente equipadas ( 2 de ellas individuales y las 4 restantes, dobles).<\/li>\n<li><i class=\"sui sui-arrow-right\" style=\"color:#333\"><\/i> 3 ba\u00f1os.<\/li>\n<li><i class=\"sui sui-arrow-right\" style=\"color:#333\"><\/i> Secador de pelo.<\/li>\n<li><i class=\"sui sui-arrow-right\" style=\"color:#333\"><\/i> Sala de lactancia.<\/li>\n<li><i class=\"sui sui-arrow-right\" style=\"color:#333\"><\/i> Un sal\u00f3n.<\/li>\n<li><i class=\"sui sui-arrow-right\" style=\"color:#333\"><\/i> Cocina totalmente equipada: menaje de cocina, lavadora, frigor\u00edfico, microondas, lavavajillas.<\/li>\n<li><i class=\"sui sui-arrow-right\" style=\"color:#333\"><\/i> Porche con zona de barbacoa.<\/li>\n<li><i class=\"sui sui-arrow-right\" style=\"color:#333\"><\/i> Televisi\u00f3n en cada habitaci\u00f3n.<\/li>\n<li><i class=\"sui sui-arrow-right\" style=\"color:#333\"><\/i> Calefacci\u00f3n.<\/li>\n<li><i class=\"sui sui-arrow-right\" style=\"color:#333\"><\/i> Tronas para ni\u00f1os.<\/li>\n<li><i class=\"sui sui-arrow-right\" style=\"color:#333\"><\/i> Zona l\u00fadica con futbol\u00edn, juego de dardos y otros juegos.<\/li>\n<li><i class=\"sui sui-arrow-right\" style=\"color:#333\"><\/i> Zona de barbacoa.<\/li>\n<li><i class=\"sui sui-arrow-right\" style=\"color:#333\"><\/i> Estancia que alberga el antiguo bar del pueblo y que conserva la esencia del mismo.<\/li>\n<li><i class=\"sui sui-arrow-right\" style=\"color:#333\"><\/i> Parking.<\/li>\n<li><i class=\"sui sui-arrow-right\" style=\"color:#333\"><\/i> Toallas y s\u00e1banas.<\/li>\n<li><i class=\"sui sui-arrow-right\" style=\"color:#333\"><\/i> Se admiten mascotas ( bajo petici\u00f3n).<\/li>\n<li><i class=\"sui sui-arrow-right\" style=\"color:#333\"><\/i> Venta de productos locales.<\/li>\n<li><i class=\"sui sui-arrow-right\" style=\"color:#333\"><\/i> Cuna y cama supletoria bajo petici\u00f3n.<\/li>\n<\/ul>\n<\/div>\n","protected":false},"excerpt":{"rendered":"<p>Casa rural L\u00b4Amparo es una casa rural de categor\u00eda superior de alquiler \u00edntegro situada en Navarrete del R\u00edo, Teruel. Se trata de una vivienda original del siglo XIX que en [&hellip;]<\/p>\n","protected":false},"author":1,"featured_media":0,"parent":0,"menu_order":0,"comment_status":"closed","ping_status":"closed","template":"page-fullwidth.php","meta":[],"_links":{"self":[{"href":"https:\/\/www.lamparocasarural.com\/index.php?rest_route=\/wp\/v2\/pages\/6723"}],"collection":[{"href":"https:\/\/www.lamparocasarural.com\/index.php?rest_route=\/wp\/v2\/pages"}],"about":[{"href":"https:\/\/www.lamparocasarural.com\/index.php?rest_route=\/wp\/v2\/types\/page"}],"author":[{"embeddable":true,"href":"https:\/\/www.lamparocasarural.com\/index.php?rest_route=\/wp\/v2\/users\/1"}],"replies":[{"embeddable":true,"href":"https:\/\/www.lamparocasarural.com\/index.php?rest_route=%2Fwp%2Fv2%2Fcomments&post=6723"}],"version-history":[{"count":2,"href":"https:\/\/www.lamparocasarural.com\/index.php?rest_route=\/wp\/v2\/pages\/6723\/revisions"}],"predecessor-version":[{"id":6746,"href":"https:\/\/www.lamparocasarural.com\/index.php?rest_route=\/wp\/v2\/pages\/6723\/revisions\/6746"}],"wp:attachment":[{"href":"https:\/\/www.lamparocasarural.com\/index.php?rest_route=%2Fwp%2Fv2%2Fmedia&parent=6723"}],"curies":[{"name":"wp","href":"https:\/\/api.w.org\/{rel}","templated":true}]}}